{"id":980,"date":"2023-01-04T17:31:37","date_gmt":"2023-01-04T16:31:37","guid":{"rendered":"https:\/\/www.bytylubica.sk\/?page_id=980"},"modified":"2025-04-02T11:00:07","modified_gmt":"2025-04-02T09:00:07","slug":"financovanie","status":"publish","type":"page","link":"https:\/\/www.bytylubica.sk\/index.php\/financovanie\/","title":{"rendered":"Financovanie"},"content":{"rendered":"<section class=\"wpb-content-wrapper\"><p>[vc_row full_width=&#8220;stretch_row&#8220; content_placement=&#8220;middle&#8220; css=&#8220;.vc_custom_1672851123267{background-position: center !important;background-repeat: no-repeat !important;background-size: cover !important;}&#8220;][vc_column][vc_empty_space height=&#8220;100&#8243;][\/vc_column][\/vc_row][vc_row full_width=&#8220;stretch_row&#8220; content_placement=&#8220;middle&#8220; css=&#8220;.vc_custom_1672851123267{background-position: center !important;background-repeat: no-repeat !important;background-size: cover !important;}&#8220;][vc_column width=&#8220;1\/2&#8243;][vc_single_image image=&#8220;986&#8243; img_size=&#8220;full&#8220; style=&#8220;vc_box_circle_2&#8243;][\/vc_column][vc_column width=&#8220;1\/2&#8243;][vc_column_text]<\/p>\n<h1 style=\"text-align: left;\"><strong>VYU\u017dITE NA\u0160E BEZPLATN\u00c9 PORADENSTVO<\/strong><\/h1>\n<h2 style=\"text-align: left;\"><span style=\"color: #333333;\">A SLU\u017dBY V OBLASTI HYPOTEK\u00c1RNEHO FINANCOVANIA<\/span><\/h2>\n<p style=\"font-size: 20px; text-align: left;\"><span style=\"color: #333333;\">Ak sa rozhodnete pre financovanie k\u00fapy bytu prostredn\u00edctvom hypotek\u00e1rneho \u00faveru, pom\u00f4\u017eeme v\u00e1m vybra\u0165 najlep\u0161iu ponuku<\/span><\/p>\n<p>[\/vc_column_text][\/vc_column][\/vc_row][vc_row gap=&#8220;35&#8243; content_placement=&#8220;bottom&#8220; css=&#8220;.vc_custom_1672851541504{padding-top: 200px !important;padding-bottom: 200px !important;}&#8220;][vc_column width=&#8220;1\/3&#8243;][lab_service_box][vc_icon icon_linea=&#8220;icon-basic-pin2&#8243;][lab_service_box_content title=&#8220;Priprav\u00edme ponuky z jednotliv\u00fdch b\u00e1nk,&#8220; description=&#8220;\u010d\u00edm V\u00e1m u\u0161etr\u00edme \u010das s n\u00e1v\u0161tevou pobo\u010diek.&#8220;][\/lab_service_box][lab_service_box][vc_icon icon_linea=&#8220;icon-basic-pin2&#8243;][lab_service_box_content title=&#8220;Poskytneme V\u00e1m poradenstvo pri nastaven\u00ed podmienok \u00faveru v \u00faverovej zmluve&#8220; description=&#8220;tak, aby boli v s\u00falade s dohodnut\u00fdm spl\u00e1tkov\u00fdm kalend\u00e1rom za V\u00e1\u0161 byt.&#8220;][\/lab_service_box][\/vc_column][vc_column width=&#8220;1\/3&#8243;][lab_service_box][vc_icon icon_linea=&#8220;icon-basic-pin2&#8243;][lab_service_box_content title=&#8220;Vy\u0161pecifikujeme v\u00fdhody jednotliv\u00fdch pon\u00fak&#8220; description=&#8220;(napr. najni\u017e\u0161ia \u00farokov\u00e1 sadzba, \u00faspora n\u00e1kladov za poplatky, vypracovanie znaleck\u00e9ho posudku, z\u013eava z poplatku za spracovanie \u00faveru, zr\u00fdchlen\u00e9 \u010derpanie \u00faveru a in\u00e9) tak, aby ste z\u00edskali najv\u00fdhodnej\u0161iu hypot\u00e9ku na trhu.&#8220;][\/lab_service_box][lab_service_box][vc_icon icon_linea=&#8220;icon-basic-pin2&#8243;][lab_service_box_content title=&#8220;Porad\u00edme V\u00e1m pri v\u00fdbere najv\u00fdhodnej\u0161ieho poistenia&#8220; description=&#8220;nehnute\u013enosti a vinkul\u00e1ciu poistenia v prospech hypotek\u00e1rnej banky.&#8220;][\/lab_service_box][\/vc_column][vc_column width=&#8220;1\/3&#8243;][lab_service_box][vc_icon icon_linea=&#8220;icon-basic-pin2&#8243;][lab_service_box_content title=&#8220;Zabezpe\u010d\u00edme pr\u00edpravu dokumentov potrebn\u00fdch pre podanie \u017eiadosti o \u00faver&#8220; description=&#8220;(napr. spracovanie rozpo\u010dtov, znaleck\u00fdch posudkov pri nav\u00fd\u0161en\u00ed v\u00fd\u0161ky \u00faveru o dokon\u010dovacie pr\u00e1ce, spracovanie geometrick\u00fdch pl\u00e1nov a pod.)&#8220;][\/lab_service_box][lab_service_box][vc_icon icon_linea=&#8220;icon-basic-pin2&#8243;][lab_service_box_content title=&#8220;Vybav\u00edme za V\u00e1s v\u0161etky formality na katastri a priprav\u00edme v\u0161etky podklady na \u010derpanie jednotliv\u00fdch tran\u017e\u00ed \u00faveru.&#8220;][\/lab_service_box][\/vc_column][\/vc_row][vc_row full_width=&#8220;stretch_row_content_no_spaces&#8220; css=&#8220;.vc_custom_1672760056424{background-color: #5f8585 !important;}&#8220;][vc_column][vc_empty_space height=&#8220;100&#8243;][vc_column_text]<\/p>\n<h1 style=\"text-align: center;\"><span style=\"color: #ffffff;\"><strong>Financovanie V\u00e1\u0161ho b\u00fdvania<br \/>\n<\/strong><\/span><\/h1>\n<p>[\/vc_column_text][\/vc_column][\/vc_row][vc_row full_width=&#8220;stretch_row_content&#8220; css=&#8220;.vc_custom_1672761438637{background-color: #5f8585 !important;}&#8220;][vc_column width=&#8220;1\/3&#8243;][vc_single_image image=&#8220;761&#8243; img_size=&#8220;full&#8220; alignment=&#8220;center&#8220;][\/vc_column][vc_column width=&#8220;1\/3&#8243;][vc_single_image image=&#8220;762&#8243; img_size=&#8220;full&#8220; alignment=&#8220;center&#8220;][\/vc_column][vc_column width=&#8220;1\/3&#8243;][vc_single_image image=&#8220;763&#8243; img_size=&#8220;full&#8220; alignment=&#8220;center&#8220;][\/vc_column][\/vc_row][vc_row full_width=&#8220;stretch_row&#8220;][vc_column][vc_empty_space height=&#8220;100&#8243;][vc_column_text]<\/p>\n<h1><strong>Vypo\u010d\u00edtajte si orienta\u010dn\u00fa spl\u00e1tku<\/strong><\/h1>\n<p>[\/vc_column_text][vc_raw_html]JTNDaWZyYW1lJTIwc3JjJTNEJTIyaHR0cHMlM0ElMkYlMkZ3d3cuZmluZ28uc2slMkZiYW5uZXIlMkZ2ZXJzaW9uMiUzRnV0bV9zb3VyY2UlM0Rsb25maW4lMjZ1dG1fbWVkaXVtJTNEc2lldEthbGt1bGFja2ElMjZ1dG1fY29udGVudCUzRG5vY2FsbCUyMiUyMGZyYW1lYm9yZGVyJTNEJTIyMCUyMiUyMGFsbG93ZnVsbHNjcmVlbiUyMHdpZHRoJTNEJTIyJTIwOTAlMjUlMjIlMjBoZWlnaHQlM0QlMjI3MjglMjIlMjBzY3JvbGxpbmclM0QlMjIxJTIyJTIwc3R5bGUlM0QlMjJib3gtc2hhZG93JTNBJTIwMCUyMDAlMjAxMHB4JTIwZ3JheSUzQiUyMG1hcmdpbiUzQSUyMDEwcHglM0IlMjIlMjBuYW1lJTNEJTIyYmFubmVyJTIyJTIwaWQlM0QlMjJiYW5uZXIlMjIlM0UlM0MlMkZpZnJhbWUlM0UlMjAlMEE=[\/vc_raw_html][vc_empty_space height=&#8220;100&#8243;][\/vc_column][\/vc_row][vc_row full_width=&#8220;stretch_row&#8220; css=&#8220;.vc_custom_1670325276508{background-color: #5f8585 !important;}&#8220;][vc_column][vc_empty_space height=&#8220;100&#8243;][vc_column_text]<\/p>\n<h1 style=\"text-align: center;\"><strong><span style=\"color: #ededed;\">KONTAKTUJTE N\u00c1S<\/span><\/strong><\/h1>\n<p>[\/vc_column_text][vc_column_text]<\/p>\n<p><span style=\"color: #ffffff;\">\u00a0<\/span><\/p>\n<h3 style=\"text-align: center;\"><span style=\"color: #ffffff;\"><b>Hypotek\u00e1rny \u0161pecialista<br \/>\n<\/b><\/span><\/h3>\n<h3 style=\"text-align: center;\"><span style=\"color: #ffffff;\"><strong>Jaroslav Longauer<br \/>\n+421 949 846 222<br \/>\n<a style=\"color: #ffffff;\" href=\"mailto:longauerj@gmail.com\" target=\"_blank\" rel=\"noopener\">jlongauer@fingohypo.sk<\/a><\/strong><\/span><\/h3>\n<p>[\/vc_column_text][vc_empty_space height=&#8220;100&#8243;][\/vc_column][\/vc_row]<\/p>\n<\/section>","protected":false},"excerpt":{"rendered":"<p>[vc_row full_width=&#8220;stretch_row&#8220; content_placement=&#8220;middle&#8220; css=&#8220;.vc_custom_1672851123267{background-position: center !important;background-repeat: no-repeat !important;background-size: cover !important;}&#8220;][vc_column][vc_empty_space height=&#8220;100&#8243;][\/vc_column][\/vc_row][vc_row full_width=&#8220;stretch_row&#8220; content_placement=&#8220;middle&#8220; css=&#8220;.vc_custom_1672851123267{background-position: center !important;background-repeat: no-repeat !important;background-size: cover !important;}&#8220;][vc_column width=&#8220;1\/2&#8243;][vc_single_image image=&#8220;986&#8243; img_size=&#8220;full&#8220; style=&#8220;vc_box_circle_2&#8243;][\/vc_column][vc_column width=&#8220;1\/2&#8243;][vc_column_text] VYU\u017dITE NA\u0160E BEZPLATN\u00c9 PORADENSTVO A SLU\u017dBY V OBLASTI HYPOTEK\u00c1RNEHO FINANCOVANIA Ak sa rozhodnete pre financovanie k\u00fapy bytu prostredn\u00edctvom hypotek\u00e1rneho \u00faveru, pom\u00f4\u017eeme v\u00e1m vybra\u0165 najlep\u0161iu ponuku [\/vc_column_text][\/vc_column][\/vc_row][vc_row gap=&#8220;35&#8243; content_placement=&#8220;bottom&#8220; css=&#8220;.vc_custom_1672851541504{padding-top: 200px&hellip;<\/p>\n","protected":false},"author":1,"featured_media":0,"parent":0,"menu_order":0,"comment_status":"closed","ping_status":"closed","template":"","meta":{"content-type":"","footnotes":""},"class_list":["post-980","page","type-page","status-publish","hentry"],"acf":[],"yoast_head":"<!-- This site is optimized with the Yoast SEO plugin v19.11 - https:\/\/yoast.com\/wordpress\/plugins\/seo\/ -->\n<title>Financovanie - bytylubica<\/title>\n<meta name=\"robots\" content=\"index, follow, max-snippet:-1, max-image-preview:large, max-video-preview:-1\" \/>\n<link rel=\"canonical\" href=\"https:\/\/www.bytylubica.sk\/index.php\/financovanie\/\" \/>\n<meta property=\"og:locale\" content=\"sk_SK\" \/>\n<meta property=\"og:type\" content=\"article\" \/>\n<meta property=\"og:title\" content=\"Financovanie - bytylubica\" \/>\n<meta property=\"og:description\" content=\"[vc_row full_width=&#8220;stretch_row&#8220; content_placement=&#8220;middle&#8220; css=&#8220;.vc_custom_1672851123267{background-position: center !important;background-repeat: no-repeat !important;background-size: cover !important;}&#8220;][vc_column][vc_empty_space height=&#8220;100&#8243;][\/vc_column][\/vc_row][vc_row full_width=&#8220;stretch_row&#8220; content_placement=&#8220;middle&#8220; css=&#8220;.vc_custom_1672851123267{background-position: center !important;background-repeat: no-repeat !important;background-size: cover !important;}&#8220;][vc_column width=&#8220;1\/2&#8243;][vc_single_image image=&#8220;986&#8243; img_size=&#8220;full&#8220; style=&#8220;vc_box_circle_2&#8243;][\/vc_column][vc_column width=&#8220;1\/2&#8243;][vc_column_text] VYU\u017dITE NA\u0160E BEZPLATN\u00c9 PORADENSTVO A SLU\u017dBY V OBLASTI HYPOTEK\u00c1RNEHO FINANCOVANIA Ak sa rozhodnete pre financovanie k\u00fapy bytu prostredn\u00edctvom hypotek\u00e1rneho \u00faveru, pom\u00f4\u017eeme v\u00e1m vybra\u0165 najlep\u0161iu ponuku [\/vc_column_text][\/vc_column][\/vc_row][vc_row gap=&#8220;35&#8243; content_placement=&#8220;bottom&#8220; css=&#8220;.vc_custom_1672851541504{padding-top: 200px&hellip;\" \/>\n<meta property=\"og:url\" content=\"https:\/\/www.bytylubica.sk\/index.php\/financovanie\/\" \/>\n<meta property=\"og:site_name\" content=\"bytylubica\" \/>\n<meta property=\"article:modified_time\" content=\"2025-04-02T09:00:07+00:00\" \/>\n<meta name=\"twitter:card\" content=\"summary_large_image\" \/>\n<meta name=\"twitter:label1\" content=\"Predpokladan\u00fd \u010das \u010d\u00edtania\" \/>\n\t<meta name=\"twitter:data1\" content=\"2 min\u00faty\" \/>\n<script type=\"application\/ld+json\" class=\"yoast-schema-graph\">{\"@context\":\"https:\/\/schema.org\",\"@graph\":[{\"@type\":\"WebPage\",\"@id\":\"https:\/\/www.bytylubica.sk\/index.php\/financovanie\/\",\"url\":\"https:\/\/www.bytylubica.sk\/index.php\/financovanie\/\",\"name\":\"Financovanie - bytylubica\",\"isPartOf\":{\"@id\":\"https:\/\/www.bytylubica.sk\/#website\"},\"datePublished\":\"2023-01-04T16:31:37+00:00\",\"dateModified\":\"2025-04-02T09:00:07+00:00\",\"breadcrumb\":{\"@id\":\"https:\/\/www.bytylubica.sk\/index.php\/financovanie\/#breadcrumb\"},\"inLanguage\":\"sk-SK\",\"potentialAction\":[{\"@type\":\"ReadAction\",\"target\":[\"https:\/\/www.bytylubica.sk\/index.php\/financovanie\/\"]}]},{\"@type\":\"BreadcrumbList\",\"@id\":\"https:\/\/www.bytylubica.sk\/index.php\/financovanie\/#breadcrumb\",\"itemListElement\":[{\"@type\":\"ListItem\",\"position\":1,\"name\":\"Home\",\"item\":\"https:\/\/www.bytylubica.sk\/\"},{\"@type\":\"ListItem\",\"position\":2,\"name\":\"Financovanie\"}]},{\"@type\":\"WebSite\",\"@id\":\"https:\/\/www.bytylubica.sk\/#website\",\"url\":\"https:\/\/www.bytylubica.sk\/\",\"name\":\"bytylubica\",\"description\":\"\",\"potentialAction\":[{\"@type\":\"SearchAction\",\"target\":{\"@type\":\"EntryPoint\",\"urlTemplate\":\"https:\/\/www.bytylubica.sk\/?s={search_term_string}\"},\"query-input\":\"required name=search_term_string\"}],\"inLanguage\":\"sk-SK\"}]}<\/script>\n<!-- \/ Yoast SEO plugin. -->","yoast_head_json":{"title":"Financovanie - bytylubica","robots":{"index":"index","follow":"follow","max-snippet":"max-snippet:-1","max-image-preview":"max-image-preview:large","max-video-preview":"max-video-preview:-1"},"canonical":"https:\/\/www.bytylubica.sk\/index.php\/financovanie\/","og_locale":"sk_SK","og_type":"article","og_title":"Financovanie - bytylubica","og_description":"[vc_row full_width=&#8220;stretch_row&#8220; content_placement=&#8220;middle&#8220; css=&#8220;.vc_custom_1672851123267{background-position: center !important;background-repeat: no-repeat !important;background-size: cover !important;}&#8220;][vc_column][vc_empty_space height=&#8220;100&#8243;][\/vc_column][\/vc_row][vc_row full_width=&#8220;stretch_row&#8220; content_placement=&#8220;middle&#8220; css=&#8220;.vc_custom_1672851123267{background-position: center !important;background-repeat: no-repeat !important;background-size: cover !important;}&#8220;][vc_column width=&#8220;1\/2&#8243;][vc_single_image image=&#8220;986&#8243; img_size=&#8220;full&#8220; style=&#8220;vc_box_circle_2&#8243;][\/vc_column][vc_column width=&#8220;1\/2&#8243;][vc_column_text] VYU\u017dITE NA\u0160E BEZPLATN\u00c9 PORADENSTVO A SLU\u017dBY V OBLASTI HYPOTEK\u00c1RNEHO FINANCOVANIA Ak sa rozhodnete pre financovanie k\u00fapy bytu prostredn\u00edctvom hypotek\u00e1rneho \u00faveru, pom\u00f4\u017eeme v\u00e1m vybra\u0165 najlep\u0161iu ponuku [\/vc_column_text][\/vc_column][\/vc_row][vc_row gap=&#8220;35&#8243; content_placement=&#8220;bottom&#8220; css=&#8220;.vc_custom_1672851541504{padding-top: 200px&hellip;","og_url":"https:\/\/www.bytylubica.sk\/index.php\/financovanie\/","og_site_name":"bytylubica","article_modified_time":"2025-04-02T09:00:07+00:00","twitter_card":"summary_large_image","twitter_misc":{"Predpokladan\u00fd \u010das \u010d\u00edtania":"2 min\u00faty"},"schema":{"@context":"https:\/\/schema.org","@graph":[{"@type":"WebPage","@id":"https:\/\/www.bytylubica.sk\/index.php\/financovanie\/","url":"https:\/\/www.bytylubica.sk\/index.php\/financovanie\/","name":"Financovanie - bytylubica","isPartOf":{"@id":"https:\/\/www.bytylubica.sk\/#website"},"datePublished":"2023-01-04T16:31:37+00:00","dateModified":"2025-04-02T09:00:07+00:00","breadcrumb":{"@id":"https:\/\/www.bytylubica.sk\/index.php\/financovanie\/#breadcrumb"},"inLanguage":"sk-SK","potentialAction":[{"@type":"ReadAction","target":["https:\/\/www.bytylubica.sk\/index.php\/financovanie\/"]}]},{"@type":"BreadcrumbList","@id":"https:\/\/www.bytylubica.sk\/index.php\/financovanie\/#breadcrumb","itemListElement":[{"@type":"ListItem","position":1,"name":"Home","item":"https:\/\/www.bytylubica.sk\/"},{"@type":"ListItem","position":2,"name":"Financovanie"}]},{"@type":"WebSite","@id":"https:\/\/www.bytylubica.sk\/#website","url":"https:\/\/www.bytylubica.sk\/","name":"bytylubica","description":"","potentialAction":[{"@type":"SearchAction","target":{"@type":"EntryPoint","urlTemplate":"https:\/\/www.bytylubica.sk\/?s={search_term_string}"},"query-input":"required name=search_term_string"}],"inLanguage":"sk-SK"}]}},"_links":{"self":[{"href":"https:\/\/www.bytylubica.sk\/index.php\/wp-json\/wp\/v2\/pages\/980","targetHints":{"allow":["GET"]}}],"collection":[{"href":"https:\/\/www.bytylubica.sk\/index.php\/wp-json\/wp\/v2\/pages"}],"about":[{"href":"https:\/\/www.bytylubica.sk\/index.php\/wp-json\/wp\/v2\/types\/page"}],"author":[{"embeddable":true,"href":"https:\/\/www.bytylubica.sk\/index.php\/wp-json\/wp\/v2\/users\/1"}],"replies":[{"embeddable":true,"href":"https:\/\/www.bytylubica.sk\/index.php\/wp-json\/wp\/v2\/comments?post=980"}],"version-history":[{"count":46,"href":"https:\/\/www.bytylubica.sk\/index.php\/wp-json\/wp\/v2\/pages\/980\/revisions"}],"predecessor-version":[{"id":2234,"href":"https:\/\/www.bytylubica.sk\/index.php\/wp-json\/wp\/v2\/pages\/980\/revisions\/2234"}],"wp:attachment":[{"href":"https:\/\/www.bytylubica.sk\/index.php\/wp-json\/wp\/v2\/media?parent=980"}],"curies":[{"name":"wp","href":"https:\/\/api.w.org\/{rel}","templated":true}]}}